30598?
3
What is the tens digit of 2702656?
5
What is the hundreds digit of 2066902?
9
What is the tens digit of 6227524?
2
What is the hundreds digit of 3188107?
1
What is the hundreds digit of 1994438?
4
What is the thousands digit of 170201?
0
What is the hundred thousands digit of 1460940?
4
What is the millions digit of 8333007?
8
What is the millions digit of 1326134?
1
What is the hundreds digit of 994425?
4
What is the tens digit of 766305?
0
What is the hundred thousands digit of 11427936?
4
What is the tens digit of 6430132?
3
What is the hundreds digit of 4181858?
8
What is the tens digit of 10570882?
8
What is the hundred thousands digit of 10324159?
3
What is the thousands digit of 31237?
1
What is the thousands digit of 339332?
9
What is the thousands digit of 124058?
4
What is the ten thousands digit of 2826761?
2
What is the units digit of 1094781?
1
What is the ten thousands digit of 19612179?
1
What is the units digit of 1524258?
8
What is the units digit of 2544035?
5
What is the hundred thousands digit of 2760255?
7
What is the thousands digit of 13374041?
4
What is the millions digit of 1169946?
1
What is the units digit of 2326365?
5
What is the hundred thousands digit of 6282932?
2
What is the millions digit of 1077901?
1
What is the thousands digit of 13603692?
3
What is the hundreds digit of 820353?
3
What is the hundreds digit of 99100?
1
What is the hundreds digit of 4759142?
1
What is the tens digit of 21808?
0
What is the millions digit of 5076647?
5
What is the units digit of 89240?
0
What is the hundreds digit of 659451?
4
What is the hundreds digit of 3050745?
7
What is the units digit of 3227849?
9
What is the ten thousands digit of 1527127?
2
What is the thousands digit of 3776997?
6
What is the ten thousands digit of 1269424?
6
What is the millions digit of 2339222?
2
What is the thousands digit of 1368491?
8
What is the units digit of 4792477?
7
What is the tens digit of 605821?
2
What is the units digit of 19852?
2
What is the millions digit of 2556707?
2
What is the thousands digit of 121856?
1
What is the thousands digit of 248467?
8
What is the millions digit of 2766986?
2
What is the hundred thousands digit of 405259?
4
What is the tens digit of 3818879?
7
What is the thousands digit of 1028023?
8
What is the tens digit of 337956?
5
What is the ten thousands digit of 8615682?
1
What is the thousands digit of 449590?
9
What is the thousands digit of 1774920?
4
What is the units digit of 208049?
9
What is the hundred thousands digit of 3592168?
5
What is the thousands digit of 9986885?
6
What is the hundred thousands digit of 522723?
5
What is the ten thousands digit of 569970?
6
What is the hundred thousands digit of 951827?
9
What is the hundreds digit of 1874812?
8
What is the hundreds digit of 2319467?
4
What is the millions digit of 1275971?
1
What is the units digit of 1611875?
5
What is the units digit of 2112350?
0
What is the tens digit of 2153596?
9
What is the ten thousands digit of 1908922?
0
What is the units digit of 857750?
0
What is the tens digit of 240607?
0
What is the hundred thousands digit of 16303446?
3
What is the hundreds digit of 62487?
4
What is the tens digit of 1304774?
7
What is the thousands digit of 401356?
1
What is the thousands digit of 136482?
6
What is the units digit of 1397309?
9
What is the tens digit of 10719432?
3
What is the ten thousands digit of 4108393?
0
What is the hundred thousands digit of 1275226?
2
What is the hundreds digit of 38469742?
7
What is the units digit of 4226247?
7
What is the hundred thousands digit of 22213616?
2
What is the hundreds digit of 8131030?
0
What is the ten thousands digit of 1031805?
3
What is the hundred thousands digit of 14901981?
9
What is the hundreds digit of 384520?
5
What is the ten thousands digit of 1978176?
7
What is the units digit of 560427?
7
What is the thousands digit of 21849530?
9
What is the ten thousands digit of 395445?
9
What is the hundred thousands digit of 904133?
9
What is the millions digit of 2234705?
2
What is the ten thousands digit of 359295?
5
What is the ten thousands digit of 34704?
3
What is the thousands digit of 668724?
8
What is the hundred thousands digit of 917800?
9
What is the hundreds digit of 8796055?
0
What is the thousands digit of 841155?
1
What is the units digit of 451518?
8
What is the hundred thousands digit of 1204521?
2
What is the ten thousands digit of 6146440?
4
What is the thousands digit of 914941?
4
What is the units digit of 56027?
7
What is the hundred thousands digit of 4556131?
5
What is the ten thousands digit of 6561497?
6
What is the tens digit of 13401717?
1
What is the ten thousands digit of 7605671?
0
What is the hundreds digit of 23379?
3
What is the units digit of 122791?
1
What is the tens digit of 5830550?
5
What is the hundred thousands digit of 437624?
4
What is the hundreds digit of 1633578?
5
What is the tens digit of 156361?
6
What is the hundred thousands digit of 1726794?
7
What is the thousands digit of 4634738?
4
What is the units digit of 1806105?
5
What is the thousands digit of 161505?
1
What is the hundred thousands digit of 169614?
1
What is the ten thousands digit of 34395896?
9
What is the units digit of 350199?
9
What is the thousands digit of 3956333?
6
What is the hundred thousands digit of 204328?
2
What is the hundreds digit of 5227533?
5
What is the units digit of 2785087?
7
What is the units digit of 18226754?
4
What is the ten thousands digit of 28415673?
1
What is the ten thousands digit of 1708113?
0
What is the thousands digit of 625031?
5
What is the ten thousands digit of 115683?
1
What is the thousands digit of 512348?
2
What is the thousands digit of 2228836?
8
What is the tens digit of 5526841?
4
What is the ten thousands digit of 968998?
6
What is the tens digit of 419875?
7
What is the hundreds digit of 5874752?
7
What is the hundred thousands digit of 17589235?
5
What is the millions digit of 1565597?
1
What is the hundred thousands digit of 151473?
1
What is the hundreds digit of 512469?
4
What is the hundreds digit of 468575?
5
What is the tens digit of 184287?
8
What is the units digit of 6174754?
4
What is the ten thousands digit of 667758?
6
What is the hundred thousands digit of 364974?
3
What is the thousands digit of 163732?
3
What is the tens digit of 2062437?
3
What is the units digit of 1098576?
6
What is the hundred thousands digit of 15860676?
8
What is the hundreds digit of 271868?
8
What is the ten thousands digit of 3497972?
9
What is the millions digit of 7655895?
7
What is the hundred thousands digit of 24088314?
0
What is the units digit of 559532?
2
What is the ten thousands digit of 6357008?
5
What is the hundreds digit of 944816?
8
What is the tens digit of 1283076?
7
What is the units digit of 1861639?
9
What is the hundreds digit of 160687?
6
What is the units digit of 8976396?
6
What is the ten millions digit of 10320469?
1
What is the units digit of 7650960?
0
What is the tens digit of 3126201?
0
What is the hundreds digit of 311796?
7
What is the tens digit of 7255878?
7
What is the hundreds digit of 1214232?
2
What is the tens digit of 654346?
4
What is the millions digit of 2337089?
2
What is the ten thousands digit of 77021?
7
What is the hundreds digit of 9499618?
6
What is the thousands digit of 272902?
2
What is the millions digit of 1563868?
1
What is the hundreds digit of 29946312?
3
What is the ten millions digit of 14182464?
1
What is the hundred thousands digit of 1030493?
0
What is the ten thousands digit of 24519?
2
What is the hundreds digit of 2944431?
4
What is the tens digit of 150491?
9
What is the ten thousands digit of 481340?
8
What is the millions digit of 10094371?
0
What is the tens digit of 19496533?
3
What is the ten thousands digit of 10283027?
8
What is the thousands digit of 4075983?
5
What is the thousands digit of 1491364?
1
What is the units digit of 373757?
7
What is the hundred thousands digit of 4203493?
2
What is the hundreds digit of 9190120?
1
What is the hundreds digit of 285026?
0
What is the tens digit of 285848?
4
What is the hundreds digit of 2265254?
2
What is the tens digit of 12353799?
9
What is the thousands digit of 251459?
1
What is the ten t